- y*w - 7135 = 30*b. What is the tens digit of b?
2
Let q = -40 - -39. Let z(v) = 211*v**2 - 2*v - 2. Let x be z(q). Suppose 3*p + 2*p = 3*g - x, 291 = 4*g + 3*p. What is the tens digit of g?
7
Suppose 4*o = -5*s + 2021 + 50197, 13059 = o + 2*s. What is the thousands digit of o?
3
Suppose -52*l = -53*l + 2513. What is the units digit of l?
3
Let i = 949 - 487. Let u = i - 104. What is the tens digit of u?
5
Suppose -2*f = -4*n - 22050, 3*f = 20*n - 18*n + 33079. What is the tens digit of f?
2
Let v(y) = 3*y**2 + 17*y + 20. Suppose -2*z - 12*l - 12 = -9*l, 4*l = -16. Suppose -5*f = -6*f - 3*j - 23, z = -4*f + 2*j - 22. What is the units digit of v(f)?
6
Let m = -192 + 82. Suppose 0 = 5*j + v + 46, 6*v - v + 14 = -j. Let k = j - m. What is the hundreds digit of k?
1
Let o(m) = -2*m - 16. Let c be o(0). Let l be 6/(-21) + c/(-7). Suppose 0 = -0*n + l*n - 160. What is the tens digit of n?
8
Suppose -4*u = 47*f - 43*f - 24952, -2*f + 12467 = 5*u. What is the tens digit of f?
4
Let s = -5880 - -9620. What is the thousands digit of s?
3
Suppose 2*w + 8 = 0, -3*w + 1218 = -5*o - 5*w. What is the tens digit of (20/(-11) - (-44)/o) + 87?
8
Suppose 0 = 3*b + o - 17, -8*b + 4*o + 28 = -4*b. Let j(x) = -2*x**2 + 3*x. Let q be j(b). What is the tens digit of (-160)/3*q/45?
6
Suppose 0 = -5*a - 3*i + 18, 3*a + 5 = -5*i + 3. Let l = -29 - -33. Suppose 4*t - 189 = 3*r, -t - l*r + a = -46. What is the tens digit of t?
4
Let z be (-2)/6 + -7 + 172/12. Suppose -r + 4*m + 409 = 0, 3*m = z*r - 6*r - 406. What is the units digit of r?
7
Suppose 0 = -7*p + 19*p + 12. Let h be -4*p/14 - 2567/(-7). Let r = -186 + h. What is the tens digit of r?
8
Let d be 7 + (-7 - 4) - 2/(-1). What is the hundreds digit of (-2829)/d + 1 + 61/122?
4
Suppose 0*c + 4*c - 5*b = 148, -2*b = -5*c + 168. What is the units digit of (c/(-6))/((-8)/732)?
8
Let j = -5359 - -11642. What is the units digit of j?
3
What is the thousands digit of (3 + -8 - (16 + 2))/(-1)*1535?
5
Let i(r) = 35*r**2 + 198*r + 32. What is the units digit of i(-28)?
8
Suppose 89*x = 84*x. Suppose b + x*b + 5 = 0, 3*b = 2*h - 207. What is the tens digit of h?
9
Let r(h) = -2*h**2 + 18*h + 22. Let d be 3 + (54/24)/(9/24). What is the tens digit of r(d)?
2
Let t(o) = -3*o - 4. Let d be t(-2). Suppose l - 3*h + 1 = 0, d*l - 2*h = -6*h + 8. What is the units digit of (l/6)/((-1)/(-57))?
9
Suppose 1502931 + 4194811 = 130*r - 760918. What is the hundreds digit of r?
6
Suppose -6*q - 6495 = -1125. Let p = -482 - q. What is the tens digit of p?
1
Suppose -6*c - 67 = -271. Let j = 12 + c. What is the units digit of j?
6
Suppose 0 = 2*p - 4*p + 12. Let v be p/(3 - 2/2). Suppose 115 = 5*t + 5*n, 5*t + v*n = t + 94. What is the tens digit of t?
2
Let f(p) be the third derivative of p**5/15 + 65*p**4/24 - 71*p**3/6 - 4*p**2 - 7. What is the tens digit of f(-22)?
3
Let l(g) = -g + 21. Let z be l(16). Suppose -z*d = 5*p - 6*p - 808, p = 2. What is the tens digit of d?
6
Let n(m) be the first derivative of 281*m**2 + 16*m - 28. Let w be n(12). What is the tens digit of w/45 - (-6)/(-27)?
5
What is the ten thousands digit of ((-30)/20)/(117/(-1958658))?
2
Suppose -92*d + 40110 - 12413 + 134591 = 0. What is the hundreds digit of d?
7
Let u(k) = 16*k**2 - 3*k - 95. What is the thousands digit of u(-14)?
3
Let z = 356 - 354. Suppose -z*j + 1916 + 454 = 0. What is the hundreds digit of j?
1
What is the thousands digit of 20084 - (-128)/(-72)*9?
0
Suppose -3*y + 9*o + 45102 = 0, -1 = -2*o + 11. What is the thousands digit of y?
5
Let l(s) = 4*s**3 - 12*s**2 + 17*s + 23. Let i(f) = -3*f**3 + 13*f**2 - 16*f - 22. Let t(q) = 6*i(q) + 5*l(q). What is the tens digit of t(-9)?
8
Let h be (-757)/(-4 + 4 - 1). Let d = h - 309. What is the units digit of d?
8
What is the tens digit of 4/18 + 1684201/711?
6
Let k(v) = 9*v + 89. Let c(w) = -5*w - 44. Let u(l) = 13*c(l) + 6*k(l). Let t be u(-6). Suppose 0 = -t*o + 23*o + 205. What is the tens digit of o?
4
Let f be (-549)/4*60/(-45). Suppose -f = -c - 2*z, 528 = 21*c - 18*c - z. What is the units digit of c?
7
Let a be (43/5 - 3)*9*5. Let s = -139 + a. What is the tens digit of s?
1
Suppose 3065 = -3*x + 5*y, -x - 12*y - 1015 = -17*y. What is the units digit of x/(((-6)/30)/((-2)/(-10)))?
5
Suppose 5*r + 20*o - 11164 = 16*o, -r - 5*o = -2237. What is the units digit of r?
2
Let o be 80/6*((-5376)/(-35))/8. Let r = o + -114. What is the hundreds digit of r?
1
Let m(j) = -2*j**3 - 6*j**2 - 27*j - 215. What is the units digit of m(-10)?
5
Suppose -4*q + 51959 = -r, 2*q + 0*r + 3*r - 25969 = 0. What is the ten thousands digit of q?
1
What is the thousands digit of ((-1656)/(-420)*7 - 6/10)*155?
4
Let q = 129 + 11. Suppose q*w + 2782 = 153*w. What is the units digit of w?
4
Suppose 267*q = 271*q - 12. Suppose -11*t - v = -14*t + 2348, t + q*v - 786 = 0. What is the units digit of t?
3
Suppose -2*k - 4*l + 15530 = 0, 6*k + 29046 - 75684 = -4*l. What is the units digit of k?
7
Let s(p) = 2*p**3 + 49*p**2 - 27*p + 66. Let w(g) = 3*g**3 + 74*g**2 - 40*g + 99. Let j(o) = 8*s(o) - 5*w(o). What is the tens digit of j(-22)?
8
Suppose 1351*z - 1352*z + 4 = 0. Let i(x) = 30*x**3 - 6*x**2 - x + 4. What is the thousands digit of i(z)?
1
Let s be (1/(6/4))/(15/14535). Suppose -2*o - s = -4*o. Let r = o - 73. What is the units digit of r?
0
What is the hundreds digit of -9*32/48*(94436/(-8) - 2)?
8
Let l(x) = -34*x - 196. Let g(a) = -4*a + 54. Let b be g(15). What is the units digit of l(b)?
8
Let b(x) = 15*x + 2*x**3 - 18*x**2 - x**3 + 8 + 10*x**2 - 15*x**2. What is the hundreds digit of b(23)?
3
Let s = -16463 - -28387. What is the thousands digit of s?
1
Suppose -7*p + 98391 = -z, 60*p = 63*p + 3*z - 42195. What is the thousands digit of p?
4
Suppose 32*a = 19*a + 350155. What is the tens digit of a?
3
Suppose 3*g + 10 = -8. Let z be -30 - ((-16)/(-20))/(g/(-15)). Let y = 146 + z. What is the tens digit of y?
1
Let j(p) = 2*p**2 + 36*p - 959. What is the thousands digit of j(36)?
2
What is the units digit of 11/((-44)/(-9704)) - -15?
1
Let s be (-3383)/119 + 9/21. Let i(m) = -m**2 - 21*m + 381. What is the tens digit of i(s)?
8
Let v(g) = -24*g**2 + 76*g - 20. Let k(t) = 5*t**2 - 15*t + 4. Let d(q) = -14*k(q) - 3*v(q). What is the units digit of d(10)?
4
Suppose -4*a + 1114512 = 20*a. What is the hundreds digit of a?
4
Let c(w) = 2*w**3 - 10*w**2 + 3*w + 14. Let f be c(14). Suppose -f = -16*v + 4496. What is the hundreds digit of v?
5
What is the tens digit of (-2965140)/(-594) + (-4)/(-22)?
9
Let x be (4 - 18)/(2/(-47)). Let i = 461 - x. Let o = 354 - i. What is the units digit of o?
2
Suppose -5*j - 2205 = -4*r + 436, 3*j + 1571 = -r. Let f = j + 1124. What is the tens digit of f?
9
Let m = 532 + 182. What is the hundreds digit of m?
7
Suppose 698*h = 690*h + 80. Suppose 0 = h*u - 10370 - 2340. What is the thousands digit of u?
1
Let n(g) = g**3 - 2*g**2 - 3*g - 5. Let b be n(4). Suppose -9*x + b*x = -252. What is the units digit of ((0 - 3) + 24/9)*x?
4
Let p(w) = -568*w + 8223. What is the thousands digit of p(-78)?
2
What is the units digit of 84/49*7*793?
6
Let a(b) = -98*b + 277. Let m(z) = -292*z + 830. Let g(r) = 8*a(r) - 3*m(r). What is the units digit of g(5)?
6
What is the ten thousands digit of 46/(-1)*(-100680)/240?
1
What is the thousands digit of 5035 - ((-2)/(-6) - 3)/(16/24)?
5
Suppose 7*u = 12*u. Let t be (35 - (u - 3))*(-5 + 6). Suppose 12 = 2*f - t. What is the units digit of f?
5
Suppose 6*z = 30, 8287 - 22139 = -3*b + z. What is the units digit of b?
9
Suppose 0 = 515*g - 524*g - 54. Let l(q) = -137*q - 1. Let n be l(3). What is the tens digit of (3 - n/(-8))*g?
9
Suppose 11*a - 7*a = -200. Let s = 224 + a. What is the tens digit of s?
7
Let o(x) be the first derivative of 204*x**3 - 3*x**2/2 - x + 63. What is the tens digit of o(-1)?
1
Suppose 16*l - 12*l = s - 4, -20 = -5*s + 4*l. Suppose -s*r = 4*t - 939 - 1037, -2*t - 5*r = -982. What is the tens digit of t?
9
Suppose -836069 = -132*o + 36*o + 404059. What is the units digit of o?
8
Suppose -25 = 5*q, 32 = 3*i - q - 3*q. Suppose -i*z = 73 - 13. What is the hundreds digit of z/(-20) + 2484/16?
1
Suppose 6050*a + 440028 = 6062*a. What is the ten thousands digit of a?
3
Let x be (-2)/(-15) + 3 + (-4865)/(-75). Let s = 422 + x. What is the hu